 the tens digit of 2786?
8
What is the hundreds digit of 101689?
6
What is the thousands digit of 9809?
9
What is the thousands digit of 4031?
4
What is the units digit of 1232?
2
What is the units digit of 12270?
0
What is the hundreds digit of 1948?
9
What is the thousands digit of 5408?
5
What is the ten thousands digit of 157895?
5
What is the hundreds digit of 6407?
4
What is the tens digit of 3951?
5
What is the hundreds digit of 14336?
3
What is the units digit of 5189?
9
What is the tens digit of 286?
8
What is the hundreds digit of 3445?
4
What is the thousands digit of 11611?
1
What is the units digit of 17918?
8
What is the tens digit of 6216?
1
What is the units digit of 20306?
6
What is the units digit of 32741?
1
What is the tens digit of 52243?
4
What is the tens digit of 1036?
3
What is the units digit of 6929?
9
What is the ten thousands digit of 29540?
2
What is the units digit of 67879?
9
What is the tens digit of 1227?
2
What is the hundreds digit of 82335?
3
What is the units digit of 2277?
7
What is the tens digit of 68502?
0
What is the tens digit of 13?
1
What is the hundreds digit of 91820?
8
What is the thousands digit of 42014?
2
What is the tens digit of 4853?
5
What is the hundreds digit of 144378?
3
What is the ten thousands digit of 147807?
4
What is the units digit of 133?
3
What is the thousands digit of 18808?
8
What is the tens digit of 123087?
8
What is the thousands digit of 96021?
6
What is the tens digit of 1970?
7
What is the thousands digit of 11265?
1
What is the units digit of 64926?
6
What is the thousands digit of 1609?
1
What is the hundreds digit of 1012?
0
What is the units digit of 149892?
2
What is the units digit of 20056?
6
What is the hundreds digit of 662?
6
What is the units digit of 5046?
6
What is the thousands digit of 1800?
1
What is the hundreds digit of 5299?
2
What is the tens digit of 430?
3
What is the units digit of 5938?
8
What is the units digit of 1569?
9
What is the units digit of 115994?
4
What is the thousands digit of 38189?
8
What is the units digit of 2524?
4
What is the hundreds digit of 966?
9
What is the tens digit of 509?
0
What is the tens digit of 2847?
4
What is the units digit of 3099?
9
What is the thousands digit of 31033?
1
What is the units digit of 838?
8
What is the tens digit of 14876?
7
What is the units digit of 32?
2
What is the units digit of 467?
7
What is the tens digit of 16972?
7
What is the tens digit of 593?
9
What is the hundreds digit of 671?
6
What is the thousands digit of 135959?
5
What is the ten thousands digit of 16621?
1
What is the hundreds digit of 3014?
0
What is the units digit of 45670?
0
What is the units digit of 883?
3
What is the tens digit of 3583?
8
What is the ten thousands digit of 14796?
1
What is the units digit of 4755?
5
What is the thousands digit of 28902?
8
What is the hundreds digit of 23861?
8
What is the thousands digit of 29303?
9
What is the hundreds digit of 3113?
1
What is the thousands digit of 16205?
6
What is the hundreds digit of 4117?
1
What is the tens digit of 2668?
6
What is the ten thousands digit of 108524?
0
What is the thousands digit of 9634?
9
What is the units digit of 73044?
4
What is the units digit of 8924?
4
What is the hundreds digit of 30593?
5
What is the ten thousands digit of 52242?
5
What is the ten thousands digit of 12771?
1
What is the ten thousands digit of 63929?
6
What is the ten thousands digit of 17515?
1
What is the tens digit of 793?
9
What is the units digit of 2254?
4
What is the ten thousands digit of 143988?
4
What is the units digit of 4107?
7
What is the hundreds digit of 1652?
6
What is the ten thousands digit of 46518?
4
What is the units digit of 32959?
9
What is the tens digit of 1148?
4
What is the units digit of 337?
7
What is the units digit of 13374?
4
What is the tens digit of 2126?
2
What is the units digit of 189?
9
What is the hundreds digit of 8108?
1
What is the hundreds digit of 24325?
3
What is the units digit of 814?
4
What is the units digit of 3954?
4
What is the tens digit of 240?
4
What is the units digit of 10787?
7
What is the hundreds digit of 2028?
0
What is the tens digit of 4251?
5
What is the thousands digit of 2070?
2
What is the tens digit of 95285?
8
What is the tens digit of 6942?
4
What is the thousands digit of 4285?
4
What is the thousands digit of 52108?
2
What is the hundreds digit of 653?
6
What is the tens digit of 2153?
5
What is the hundreds digit of 18347?
3
What is the hundreds digit of 4005?
0
What is the tens digit of 19656?
5
What is the hundreds digit of 1419?
4
What is the thousands digit of 2892?
2
What is the ten thousands digit of 55959?
5
What is the hundreds digit of 2217?
2
What is the thousands digit of 7582?
7
What is the thousands digit of 8499?
8
What is the tens digit of 3925?
2
What is the hundreds digit of 16262?
2
What is the hundreds digit of 29695?
6
What is the tens digit of 5579?
7
What is the tens digit of 738?
3
What is the units digit of 1947?
7
What is the tens digit of 97942?
4
What is the tens digit of 874?
7
What is the units digit of 1486?
6
What is the units digit of 98058?
8
What is the thousands digit of 7747?
7
What is the hundreds digit of 30347?
3
What is the units digit of 872?
2
What is the tens digit of 8764?
6
What is the thousands digit of 31357?
1
What is the units digit of 8640?
0
What is the hundreds digit of 8662?
6
What is the tens digit of 19176?
7
What is the ten thousands digit of 24947?
2
What is the tens digit of 36224?
2
What is the tens digit of 1034?
3
What is the tens digit of 959?
5
What is the tens digit of 39823?
2
What is the thousands digit of 19038?
9
What is the units digit of 6704?
4
What is the units digit of 7712?
2
What is the units digit of 2260?
0
What is the hundreds digit of 2140?
1
What is the ten thousands digit of 17755?
1
What is the thousands digit of 5145?
5
What is the thousands digit of 36965?
6
What is the ten thousands digit of 71793?
7
What is the tens digit of 274?
7
What is the thousands digit of 64009?
4
What is the units digit of 82068?
8
What is the tens digit of 763?
6
What is the tens digit of 19033?
3
What is the tens digit of 54?
5
What is the ten thousands digit of 11538?
1
What is the units digit of 30451?
1
What is the hundreds digit of 5999?
9
What is the thousands digit of 2269?
2
What is the units digit of 885?
5
What is the units digit of 4041?
1
What is the tens digit of 1272?
7
What is the tens digit of 262?
6
What is the units digit of 965?
5
What is the hundreds digit of 53502?
5
What is the units digit of 1182?
2
What is the tens digit of 1898?
9
What is the units digit of 3702?
2
What is the units digit of 2567?
7
What is the units digit of 642?
2
What is the units digit of 5648?
8
What is the hundreds digit of 58637?
6
What is the tens digit of 7379?
7
What is the units digit of 1702?
2
What is the thousands digit of 8429?
8
What is the tens digit of 27460?
6
What is the units digit of 23271?
1
What is the units digit of 32775?
5
What is the units digit of 60044?
4
What is the thousands digit of 48965?
8
What is the tens digit of 1079?
7
What is the tens digit of 165?
6
What is the units digit of 992?
2
What is the hundreds digit of 11154?
1
What is the tens digit of 3936?
3
What is the thousands digit of 34654?
4
What is the hundreds digit of 41164?
1
What is the units digit of 1379?
9
What is the tens digit of 765?
6
What is the hundreds digit of 2033?
0
What is the hundreds digit of 4821?
8
What is the tens digit of 8136?
3
What is the units digit of 3092?
2
What is the thousands digit of 5536?
5
What is the hundreds digit of 20167?
1
What is the ten thousands digit of 28090?
2
What is the units digit of 93230?
0
What is the units digit of 4218?
8
What is the hundreds digit of 39348?
3
What is the tens digit of 370?
7
What is the tens digit of 1442?
4
What is the hundreds digit of 990?
9
What is the hundreds digit of 57654?
6
What is the tens digit of 9901?
0
What is the units digit of 761?
1
What is the ten thousands digit of 164681?
6
What is the tens digit of 64131?
3
What is the tens digit of 73609?
0
What is the hundreds digit of 14288?
2
What is the tens digit of 942?
4
What is the ten thousands digit of 20673?
